360 and 79992?
72
Calculate the highest common factor of 1575426 and 834.
834
What is the highest common factor of 22310 and 782?
46
Calculate the highest common factor of 774 and 2304.
18
Calculate the greatest common divisor of 692988 and 16082.
1462
What is the highest common factor of 610686 and 2064?
258
What is the highest common factor of 156 and 76044?
12
What is the highest common factor of 5376 and 4872?
168
What is the greatest common divisor of 201 and 3911862?
201
What is the greatest common factor of 789260 and 4?
4
What is the highest common factor of 26636 and 28?
4
Calculate the highest common factor of 173 and 29237.
173
Calculate the highest common factor of 6 and 1853598.
6
What is the greatest common divisor of 4107 and 73149?
111
What is the highest common divisor of 90 and 69855?
15
Calculate the greatest common divisor of 87555 and 78.
39
Calculate the highest common divisor of 62656 and 4664.
88
What is the greatest common factor of 588 and 2406243?
147
Calculate the greatest common divisor of 47700 and 1125.
225
Calculate the highest common divisor of 4665 and 25.
5
What is the highest common divisor of 2787 and 491441?
929
What is the greatest common divisor of 45914 and 33?
11
What is the greatest common divisor of 1512 and 4473?
63
Calculate the highest common divisor of 1159 and 171133.
19
Calculate the highest common factor of 59108 and 3528.
28
Calculate the greatest common factor of 62 and 1319391.
31
What is the highest common divisor of 629656 and 56?
8
Calculate the highest common divisor of 26001 and 972.
243
Calculate the greatest common divisor of 9100 and 25340.
140
Calculate the greatest common divisor of 283 and 1353589.
283
What is the greatest common divisor of 7799 and 399167?
709
What is the highest common divisor of 68 and 416415?
17
Calculate the greatest common factor of 804 and 18636.
12
What is the highest common divisor of 124261 and 397?
397
What is the highest common factor of 776 and 197686?
194
What is the greatest common divisor of 612 and 17441388?
612
Calculate the highest common factor of 9933 and 46662.
231
What is the greatest common divisor of 3658 and 3776?
118
Calculate the highest common factor of 1179794 and 44.
22
What is the highest common factor of 74910 and 10?
10
What is the greatest common divisor of 645695 and 979?
89
What is the greatest common divisor of 8 and 7790856?
8
Calculate the highest common divisor of 91 and 350038.
13
Calculate the greatest common factor of 148048 and 893.
19
What is the highest common factor of 6 and 147666?
6
Calculate the highest common factor of 135 and 2035395.
135
What is the highest common divisor of 65471 and 995?
199
Calculate the highest common divisor of 137752 and 536.
536
What is the highest common divisor of 16780 and 280?
20
Calculate the highest common factor of 36184006 and 62.
62
Calculate the highest common divisor of 144823 and 119.
119
What is the greatest common factor of 7980 and 27246?
114
Calculate the highest common divisor of 17130 and 2685.
15
Calculate the greatest common divisor of 19450275 and 975.
975
Calculate the highest common divisor of 190 and 115970.
10
Calculate the greatest common factor of 681904 and 3910.
782
Calculate the highest common factor of 38 and 27892.
38
What is the highest common divisor of 26558 and 28?
14
What is the greatest common divisor of 160 and 4230?
10
What is the greatest common divisor of 30711 and 3045?
87
Calculate the highest common divisor of 36 and 160236.
36
Calculate the greatest common factor of 3658913 and 43.
43
Calculate the greatest common factor of 702 and 25002.
54
What is the greatest common factor of 2384 and 521798?
298
What is the greatest common factor of 4165 and 144109?
833
Calculate the highest common divisor of 156 and 33420.
12
What is the highest common factor of 80827 and 38871?
617
Calculate the greatest common factor of 812400 and 3600.
1200
Calculate the greatest common divisor of 3723767 and 218.
109
Calculate the greatest common factor of 410 and 2710.
10
What is the highest common factor of 3978744 and 693?
231
Calculate the highest common factor of 9336 and 5.
1
Calculate the greatest common divisor of 5 and 13147.
1
What is the highest common divisor of 6834 and 2546?
134
What is the highest common factor of 500848 and 32?
16
What is the highest common divisor of 8784 and 965508?
732
Calculate the greatest common divisor of 18 and 14517.
9
What is the greatest common divisor of 287 and 20008?
41
What is the greatest common divisor of 5868 and 7661?
163
What is the highest common factor of 441 and 15273?
9
What is the greatest common factor of 103356 and 1485?
297
What is the highest common factor of 7999 and 152?
19
Calculate the highest common factor of 27968 and 384.
64
Calculate the greatest common factor of 78372 and 1260.
252
Calculate the highest common divisor of 200137 and 7.
7
What is the highest common factor of 340 and 174352?
68
Calculate the highest common divisor of 8250 and 1750.
250
Calculate the greatest common factor of 116226 and 22.
22
Calculate the highest common factor of 153 and 88281.
153
Calculate the greatest common factor of 148 and 566063.
37
Calculate the highest common divisor of 341 and 374.
11
Calculate the greatest common factor of 1008 and 34944.
336
Calculate the highest common divisor of 4256 and 25232.
304
What is the greatest common factor of 2 and 23974?
2
What is the highest common divisor of 175408 and 2885?
577
What is the highest common divisor of 55 and 1193522?
11
What is the greatest common factor of 10 and 2896510?
10
What is the greatest common factor of 9900 and 200700?
900
What is the greatest common divisor of 16992 and 2496?
96
Calculate the greatest common factor of 60 and 119076.
12
What is the highest common divisor of 4763 and 495?
11
What is the greatest common factor of 4298 and 103766?
614
What is the greatest common factor of 456088 and 1128?
376
What is the highest common factor of 865 and 313303?
173
What is the greatest common factor of 10692 and 2?
2
Calculate the greatest common divisor of 3294 and 1026.
54
Calculate the greatest common factor of 2107 and 240800.
301
Calculate the greatest common divisor of 4912184 and 646.
646
Calculate the greatest common divisor of 85409 and 1115.
223
Calculate the greatest common factor of 67095 and 81.
27
What is the greatest common divisor of 912 and 806436?
228
Calculate the highest common factor of 18424 and 212856.
392
Calculate the greatest common factor of 481 and 130536.
37
What is the highest common factor of 9058056 and 168?
168
Calculate the highest common factor of 512 and 529600.
64
What is the greatest common divisor of 65372 and 1385?
277
Calculate the greatest common factor of 16 and 64.
16
Calculate the highest common divisor of 147 and 363139.
49
Calculate the greatest common divisor of 14170 and 1820.
130
Calculate the highest common factor of 144 and 29200.
16
What is the greatest common factor of 1044 and 444?
12
What is the highest common factor of 1944 and 441?
9
Calculate the highest common factor of 76169 and 118.
59
Calculate the highest common divisor of 260691 and 1017.
339
What is the highest common factor of 332 and 36022?
166
What is the highest common factor of 12 and 131844?
12
Calculate the greatest common factor of 5 and 2099365.
5
Calculate the highest common factor of 20 and 893980.
20
Calculate the greatest common factor of 19 and 1273.
19
Calculate the highest common divisor of 21 and 715197.
21
Calculate the highest common factor of 179365 and 290.
145
What is the greatest common factor of 10065 and 7625?
305
Calculate the highest common factor of 693279 and 486.
243
What is the highest common factor of 305370 and 9744?
174
Calculate the greatest common factor of 2368 and 142672.
592
What is the highest common factor of 279 and 5361?
3
What is the greatest common divisor of 8230 and 240?
10
What is the greatest common factor of 104363 and 9647?
877
Calculate the highest common divisor of 150 and 650775.
75
What is the greatest common factor of 9273 and 396?
33
Calculate the greatest common factor of 28 and 287444.
4
What is the highest common divisor of 915334 and 14?
14
Calculate the greatest common